re the prime factors of 2180236?
2, 47, 11597
What are the prime factors of 456746?
2, 43, 47, 113
List the prime factors of 3808532.
2, 7, 13, 10463
List the prime factors of 6576012.
2, 3, 60889
List the prime factors of 70482.
2, 3, 17, 691
What are the prime factors of 385833?
3, 7, 19, 967
List the prime factors of 11338091.
139, 81569
What are the prime factors of 22244?
2, 67, 83
What are the prime factors of 16355026?
2, 8177513
What are the prime factors of 99426?
2, 3, 73, 227
What are the prime factors of 1815702?
2, 3, 7, 17, 2543
What are the prime factors of 9759596?
2, 7, 11, 31687
List the prime factors of 3515395.
5, 13, 54083
What are the prime factors of 317185?
5, 11, 73, 79
List the prime factors of 4263875.
5, 7, 11, 443
List the prime factors of 6126016.
2, 13, 37, 199
What are the prime factors of 535917?
3, 178639
What are the prime factors of 214026?
2, 3, 35671
What are the prime factors of 8049724?
2, 23, 59, 1483
List the prime factors of 689246.
2, 251, 1373
What are the prime factors of 346331?
346331
List the prime factors of 217393.
11, 19763
What are the prime factors of 173871?
3, 19319
What are the prime factors of 394297?
41, 59, 163
What are the prime factors of 227703?
3, 7, 1549
List the prime factors of 18316184.
2, 37, 61879
List the prime factors of 16230164.
2, 563, 7207
What are the prime factors of 2335778?
2, 1167889
What are the prime factors of 4684145?
5, 227, 4127
List the prime factors of 27911900.
2, 5, 279119
What are the prime factors of 5674306?
2, 11, 97, 2659
List the prime factors of 745802.
2, 372901
What are the prime factors of 747686?
2, 283, 1321
What are the prime factors of 56183?
19, 2957
What are the prime factors of 6270717?
3, 2090239
What are the prime factors of 11963144?
2, 41, 36473
What are the prime factors of 8084382?
2, 3, 1347397
What are the prime factors of 178076?
2, 44519
What are the prime factors of 1490058?
2, 3, 82781
List the prime factors of 417080.
2, 5, 10427
What are the prime factors of 5845034?
2, 13, 17293
List the prime factors of 169694.
2, 7, 17, 23, 31
What are the prime factors of 7619441?
67, 113723
List the prime factors of 1906255.
5, 13, 29327
What are the prime factors of 285616?
2, 17851
List the prime factors of 509413.
509413
List the prime factors of 838612.
2, 31, 6763
List the prime factors of 387294.
2, 3, 17, 3797
What are the prime factors of 553122?
2, 3, 10243
What are the prime factors of 19548181?
17, 181, 6353
What are the prime factors of 177911?
89, 1999
What are the prime factors of 18970?
2, 5, 7, 271
What are the prime factors of 2782638?
2, 3, 154591
List the prime factors of 62831.
83, 757
What are the prime factors of 257616?
2, 3, 1789
What are the prime factors of 1076538?
2, 3, 23, 29, 269
What are the prime factors of 329422?
2, 19, 8669
List the prime factors of 998350.
2, 5, 41, 487
List the prime factors of 12716740.
2, 5, 635837
What are the prime factors of 17675846?
2, 83, 233, 457
What are the prime factors of 6292?
2, 11, 13
List the prime factors of 359857.
41, 67, 131
List the prime factors of 3859701.
3, 137, 9391
What are the prime factors of 25313021?
25313021
List the prime factors of 519306.
2, 3, 41, 2111
What are the prime factors of 1225438?
2, 612719
What are the prime factors of 8420983?
8420983
What are the prime factors of 8151467?
43, 163, 1163
What are the prime factors of 1522151?
199, 7649
List the prime factors of 5850881.
43, 136067
List the prime factors of 1102233.
3, 11, 127, 263
List the prime factors of 4587476.
2, 1146869
List the prime factors of 17284594.
2, 61, 141677
List the prime factors of 18722854.
2, 9361427
List the prime factors of 2203981.
13, 19, 8923
List the prime factors of 59178.
2, 3, 7, 1409
List the prime factors of 3353183.
29, 43, 2689
What are the prime factors of 1267270?
2, 5, 353, 359
List the prime factors of 8355792.
2, 3, 174079
List the prime factors of 8246141.
523, 15767
List the prime factors of 3276630.
2, 3, 5, 7, 743
List the prime factors of 791681.
11, 71971
List the prime factors of 67225.
5, 2689
List the prime factors of 130567.
59, 2213
List the prime factors of 714932.
2, 19, 23, 409
List the prime factors of 12377000.
2, 5, 12377
What are the prime factors of 746874?
2, 3, 13831
List the prime factors of 582413.
13, 71, 631
List the prime factors of 212482.
2, 131, 811
List the prime factors of 807437.
719, 1123
What are the prime factors of 6928026?
2, 3, 7, 164953
What are the prime factors of 13495230?
2, 3, 5, 7, 31, 691
What are the prime factors of 56201?
43, 1307
List the prime factors of 3215010.
2, 3, 5, 31, 3457
What are the prime factors of 205066?
2, 102533
List the prime factors of 6004903.
6004903
What are the prime factors of 464819?
464819
What are the prime factors of 22083244?
2, 19, 223, 1303
What are the prime factors of 693325?
5, 27733
List the prime factors of 9136523.
11, 227, 3659
List the prime factors of 2121596.
2, 107, 4957
List the prime factors of 4921692.
2, 3, 410141
What are the prime factors of 1560704?
2, 89, 137
List the prime factors of 79833.
3, 13, 23, 89
List the prime factors of 307180.
2, 5, 15359
What are the prime factors of 3064059?
3, 340451
What are the prime factors of 4975726?
2, 7, 293, 1213
What are the prime factors of 1273776?
2, 3, 7, 17, 223
List the prime factors of 288514.
2, 181, 797
What are the prime factors of 4153120?
2, 5, 101, 257
List the prime factors of 475001.
433, 1097
List the prime factors of 2320204.
2, 19, 30529
What are the prime factors of 165292?
2, 31, 43
List the prime factors of 1248086.
2, 7, 59, 1511
List the prime factors of 6397414.
2, 19, 168353
List the prime factors of 827472.
2, 3, 17239
What are the prime factors of 442173?
3, 147391
List the prime factors of 593111.
593111
What are the prime factors of 4803738?
2, 3, 800623
List the prime factors of 14840790.
2, 3, 5, 494693
List the prime factors of 197877.
3, 71, 929
What are the prime factors of 392858?
2, 196429
What are the prime factors of 47917?
47917
List the prime factors of 474733.
7, 67819
List the prime factors of 250983.
3, 79, 353
List the prime factors of 536963.
7, 79, 971
List the prime factors of 18455.
5, 3691
What are the prime factors of 524633?
524633
What are the prime factors of 484489?
484489
List the prime factors of 9172622.
2, 17, 269783
List the prime factors of 5812372.
2, 1453093
List the prime factors of 24382.
2, 73, 167
List the prime factors of 3466918.
2, 7, 13, 43, 443
List the prime factors of 2644475.
5, 139, 761
What are the prime factors of 847399?
7, 17, 7121
What are the prime factors of 114330?
2, 3, 5, 37, 103
List the prime factors of 151575.
3, 5, 43, 47
List the prime factors of 3090746.
2, 613, 2521
What are the prime factors of 2189681?
13, 389, 433
List the prime factors of 125666.
2, 19, 3307
List the prime factors of 113035.
5, 13, 37, 47
List the prime factors of 141207.
3, 11, 389
List the prime factors of 21876.
2, 3, 1823
What are the prime factors of 394853?
61, 6473
What are the prime factors of 36553?
11, 3323
What are the prime factors of 624773?
107, 5839
What are the prime factors of 530484?
2, 3, 44207
List the prime factors of 1530789.
3, 13, 39251
What are the prime factors of 283042?
2, 137, 1033
List the prime factors of 917277.
3, 305759
List the prime factors of 160.
2, 5
What are the prime factors of 3717464?
2, 19, 37, 661
List the prime factors of 295967.
7, 42281
What are the prime factors of 259710?
2, 3, 5, 11, 787
What are the prime factors of 123695?
5, 11, 13, 173
List the prime factors of 492771.
3, 83, 1979
List the prime factors of 4090479.
3, 29, 47017
List the prime factors of 30856503.
3, 1229, 8369
What are the prime factors of 7767538?
2, 17, 228457
List the prime factors of 1677556.
2, 41, 53, 193
What are the prime factors of 2545645?
5, 103, 4943
List the prime factors of 1213556.
2, 303389
What are the prime factors of 2462939?
2462939
What are the prime factors of 38585?
5, 7717
What are the prime factors of 9942517?
13, 764809
What are the prime factors of 112582?
2, 181, 311
What are the prime factors of 561974?
2, 7, 137, 293
List the prime factors of 6819219.
3, 11, 68881
What are the prime factors of